 of -5 + 6 + (-5 - -1) + 4?
1
What is 9 + -16 + (18 - (5 - 3))?
9
-2 + (-8 + 0 - -8)
-2
Calculate -3 + (-2 + (7 - 4) - -3).
1
Evaluate (12 - 7) + (0 - (2 - 1)).
4
What is the value of 4 + (-3 - (1 - -1)) - 1?
-2
-5 - ((3 - 8) + 5 - -2)
-7
What is the value of 4 + (-3 + -2 - -3)?
2
Calculate (2 - -1) + -29 + 32.
6
Evaluate 3 + -6 + 5 - (0 - 0).
2
-5 + -3 + -1 - -4
-5
Calculate 1 - ((-4 + 8 - 3) + -5).
5
What is the value of (-2 - -7) + 2 - (6 - -3)?
-2
What is 3 + (-2 - -1) + -5?
-3
What is the value of 0 - (-1 + -3 + -7 + 10)?
1
Evaluate -1 + 0 - (-10 + 7 - -6).
-4
What is 4 - 0 - (2 + -1)?
3
What is 11 + (-14 - -6) + -1?
2
Evaluate 6 - (-3 + 0 - -7).
2
What is the value of -37 - -37 - (-2 - 1) - 7?
-4
What is 0 + (3 - (5 - -1)) + 4?
1
Evaluate -1 + 1 + 3 - 3 - 3.
-3
-1 - 9 - (0 - 2 - -1)
-9
-2 - 4 - -4 - 1
-3
What is -1 + (3 + -2 - -2)?
2
Evaluate 1 + -1 + 64 + -60.
4
What is -3 + -1 + -6 + 5 + 10?
5
Calculate -3 + 7 + -4 + -2 + 5.
3
Evaluate (23 - 8) + -11 + 1.
5
What is the value of -7 + (-5 - (7 - (0 + 15)))?
-4
Evaluate 15 + (-5 - -8) + -10 + -8.
0
-16 - -2 - (4 + (-18 - -8))
-8
3 - (1 + 0 + 1) - 5
-4
What is the value of -2 + -3 - (-16 + 13)?
-2
What is 13 + -8 + (-5 - -1 - 2)?
-1
What is the value of 11 + -3 + -6 + 7 + -4?
5
7 + -8 + 0 + 2
1
Evaluate -9 + 2 + 1 - (-1 + 0).
-5
3 + -5 + 5 + -4
-1
What is 0 + -2 + (-9 + 3 - -10)?
2
What is the value of (-2 - (-6 + 3)) + 4?
5
What is (25 - 9 - 21) + (-4 - 0)?
-9
8 + -6 - (0 + 3)
-1
-4 + 0 + (-11 + 5 - -3)
-7
What is -2 - -4 - (-5 + 5 - 0)?
2
Evaluate (2 - (13 - 5)) + 9.
3
What is -23 + 24 - (-5 - (1 + -1))?
6
What is the value of 3 - ((1 - -5) + -3)?
0
What is the value of -7 + 3 + (11 - 10)?
-3
Calculate 195 + -190 - (-1 - -1).
5
Evaluate (-2 - (-5 - 2)) + -6.
-1
Calculate (1 - 1) + (-19 - -4 - -10).
-5
Evaluate 8 - (-5 - (-15 + 3)) - -1.
2
What is the value of 5 + 4 + (-4 - 5)?
0
What is (11 - 7 - (1 + 6)) + 6?
3
Evaluate 12 + -3 + -12 - (-2 + 4).
-5
7 + -3 + -3 - (4 - 3)
0
(15 - 3 - 8) + 1 - 1
4
What is -4 + 1 + (0 - -3) + 1?
1
Calculate -4 + 7 + -14 + 7.
-4
What is the value of 17 + -17 + (4 - 2)?
2
What is 3 + 5 + (-6 - 1) + 5?
6
What is -1 + 0 - (-7 + 6 + 0)?
0
What is (-1 + 1 - -2) + 3?
5
What is -31 + 43 + -6 + -2?
4
Calculate -4 + 2 + -3 + 4 + 4.
3
Calculate (-3 - -7 - 0) + 2 + -9.
-3
Calculate -7 - (2 - (6 + 2)).
-1
What is the value of 113 + -109 - ((3 - 0) + 1)?
0
Evaluate (3 - 0) + -8 - -1.
-4
6 - (-3 + 3 - 0 - -1)
5
Calculate 0 + (-3 - 0) - (-3 - 0).
0
What is 5 - (11 + -9 + 0)?
3
What is the value of -11 + 1 - -14 - -3?
7
What is -1 + 9 + -18 - -12?
2
What is 6 - (-1 + (4 - 2) + 4)?
1
Calculate 22 + -14 + -3 + -14.
-9
Evaluate -5 + 0 - -7 - 0.
2
Calculate (1 - -5 - 6) + 3.
3
Evaluate -11 + 10 - (0 - 1).
0
Calculate 34 + (6 - 19) - 11.
10
What is -2 + 3 - (1 + 1 + -2)?
1
0 + 0 + -6 + 3
-3
What is (6 - 3) + (4 - 3)?
4
Calculate (1 - 1) + -6 + 0 + 2.
-4
What is (-10 - -4) + 20 + -12?
2
-1 + -2 + (0 - -3)
0
What is -5 + -1 - (16 + -23)?
1
0 - 6 - (-16 - (-18 + 8))
0
Calculate (1 - 3) + -7 + 9.
0
What is -13 + 7 + 4 - -4?
2
Evaluate (13 - (9 + 2)) + 1 + -1.
2
Calculate (5 - (6 + -4)) + -1.
2
What is 2 + -3 - -5 - (-4 - -3)?
5
Calculate -5 + 13 + -5 + -4.
-1
Calculate 29 + -26 - (1 + -1 - -9).
-6
What is 19 + -9 + -6 + 0?
4
Evaluate 4 - 0 - (2 - (-8 - -12)).
6
What is (11 - (-6 + 8)) + -8?
1
Calculate 4 + 1 + (-15 + 4 - -2).
-4
What is -5 + 0 - (-7 + -1)?
3
Evaluate (8 - 14) + -1 + 3.
-4
Calculate (72 - 72) + (-6 - -1).
-5
Calculate (2 - 0) + -33 + 36.
5
0 + 1 + 12 + -8
5
Evaluate -7 + 2 + 0 + 5 + -3.
-3
(2 - 10) + (7 - -2) + -2
-1
Calculate 4 + 3 - (3 - 0).
4
What is the value of 5 + -4 + 2 + -5?
-2
Calculate (-2 + 1 - 3) + 10.
6
What is the value of -3 + 1 + -1 - (3 - 5)?
-1
What is -8 + (14 - 7 - -8)?
7
Calculate -2 + (10 + -4 - 3).
1
-4 + 10 + -1 + -1
4
10 + -8 + -7 + 0
-5
What is the value of 1 + (5 - (2 + 2))?
2
What is (1 - 0) + 2 + -4?
-1
What is -13 + 8 + 4 + -3?
-4
What is 18 + -13 + (0 - 3)?
2
What is the value of -5 - ((0 - 0) + 3 + -1)?
-7
-1 + (0 - 0) + 23 + -21
1
What is -2 + 5 + 24 + -30?
-3
What is the value of (0 - (18 + -11)) + 9?
2
Evaluate (4 - 1) + -11 + 4.
-4
What is the value of (-6 - (-1 + -5)) + 0?
0
What is (3 - 1) + -73 + 68?
-3
What is the value of 4 - (2 + 1 - 3)?
4
1 + 3 + -1 + -4
-1
What is (-1 - -4) + (10 - 19) + 8?
2
(1 - 0) + (6 - (0 + 3))
4
What is the value of (-5 - -8) + 6 - 7?
2
What is -5 - (1 - 0 - 2)?
-4
What is (1 - 1 - (-10 - -6)) + -1?
3
Evaluate (1 - 1) + (-2 - (4 - 1)).
-5
What is the value of 16 + -24 + (0 - -5) - -2?
-1
Evaluate -5 + 0 - (15 + -26 + 10).
-4
Calculate 5 - (3 + (-5 - -2)) - 8.
-3
What is -6 + ((7 - 2) + -11 - -10)?
-2
What is the value of -13 + 18 + -13 + -1 + 2?
-7
Calculate -11 - -8 - -2 - -8.
7
8 + (-17 - (-1 + -9))
1
-13 - -1 - -10 - 4
-6
What is the value of -2 + 2 + 1 + -1 + -4?
-4
Evaluate 4 + (-5 - 0) - 0.
-1
-66 + 67 - (1 + 4)
-4
(-5 - (-11 - -1)) + -4
1
What is the value of 2 + 13 + -16 + (7 - 1)?
5
Calculate -7 - (3 + -1 - (0 - -4)).
-5
What is the value of 1 - -2 - (-3 + 3)?
3
Calculate 8 + (4 - 16 - -9).
5
-11 - (-6 + 3 + -3)
-5
What is (30 - 24) + (-1 - (1 - 0))?
4
What is the value of -6 + 10 + -1 + 0?
3
Evaluate 3 + -20 + 6 - -7.
-4
What is -1 + -9 + -1 + 13?
2
Calculate -2 - (2 - -4 - 8).
0
What is -10 + 5 + -6 - -11?
0
9 + (7 - 20 - -5)
1
Evaluate -11 - ((-6 - 1 - -3) + -1).
-6
Calculate -2 - (-4 - (0 - 1)) - -3.
4
What is 0 + -6 + (-22 - -24) + 5?
1
Calculate 9 + -5 + (-12 - -19).
11
What is the value of (6 - (0 + 4) - -9) + -4?
7
Calculate 9 + 1 + -51 + 46.
5
What is the value of (6 - 4 - (2 + 1)) + -2?
-3
Evaluate (-7 - -7) + (1 - (-3 + -1)).
5
What is -9 + 2 - -2 - (3 + -6)?
-2
Calculate -3 + -1 + 9 - 1.
4
What is the value of -1 + (-5 - -1) + 3?
-2
(8 - (-2 - -1)) + (-280 - -277)
6
What is the value of (-5 - 1) + (2 - -2)?
-2
Evaluate 3 + 0 - ((10 - 7) + 3).
-3
(6 - 0) + (20 - 33)
-7
Calculate 1 - 1 - 5 - (-79 + 78).
-4
What is the value of (25 - 22) + (1 + -2 - -1)?
3
Evaluate -5 - (0 + -5 + -2 + 2).
0
What is the value of 1 + (-3 - (-6 + -2 - 3))?
9
Evaluate (1 + -6 - (1 - 2)) + 11.
7
-1 - -2 - (-3 + 10)
-6
0 - -1 - (-18 + 14 - -2)
3
1 + -1 - (-16 - -20)
-4
-4 + 4 - (-6 - 0) - 5
1
What is 8 - (-4 + (-2 - -8))?
6
Evaluate (0 - -1) + (0 - 4) + 8.
5
Evaluate (-2 - -3) + -1 + (-2 - -4).
2
Calculate -8 - (-4 + -3 + 4).
-5
What is the value of -9 - (0 - 24 - -8)?
7
-5 - (-17 - (-18 - -9))
3
What is -8 - (-8 + -2 - (-18 + 15))?
-1
Calculate 11 - 13 - (-1 - 4).
3
(-3 + 0 - -1) + (-7 - -13)
4
What is 5 + 12 + (1 - 10)?
8
Evaluate (0 - 2) + (-8 - -6) + 0.
-4
What is (8 - 5) + (-2 - -3) + 1?
5
Calculate (0 - 5) + 10 + (-3 - 5).
-3
What is the value of -1 - (2 - -1 - 4)?
0
Calculate 7 + 5 + -8 - -1.
5
13 + (-4 - 22) + 13
0
Evaluate (5 + -3 - 0) + 1 + 2.
5
What is -18 - -13 - (-11 + (2 - 1))?
5
What is (-20 - -7) + (3 - -6)?
-4
Calculate 8 + 1 - (1 - -3).
5
Calculate 2 + (-8 - (7 + -7)).
-6
What is the value of -6 + 6 + -3 + (10 - 3)?
4
What is 2 - (0 - -2 - 4)?
4
Evaluate 2 - ((-2 - (3 + -9)) + -2).
0
What is the value of -2 + 1 + (0 - -3) + -6?
-4
1 - -2 - (-6 + 8)
1
What is (-3 - (-2 + 3)) + 1?
-3
Evaluate 3 + (-4 + 7 - 2).
4
Evaluate 5 + 3 + -9 - 4.
-5
(0 - 0) + 3 - 4
-1
-3 - (2 + -2) - (-5 + 7)
-5
Calculate 4 + (0 - 8 - -7) - -2.
5
Calculate -1 + (-2 - -1) - (8 + -8).
-2
What is the value of 4 - ((4 - 5) + 8) - 3?
-6
What is -20 + 28 - (-1 + 7)?
2
-9 + (0 - -5) - -6
2
Calculate -5 + 10 - (3 + -3 + 7).
-2
4 + -2 + (13 - 12)
3
What is 3 - (4 + -5) - 2 - 2?
0
Evaluate -8 - (13 + -3 + -12).
-6
Evaluate 1 + (1 - 7) + 8.
3
What is 7 + 2 + 0 + -9?
0
Calculate (0 - -3) + (-3 + 0 - -2).
2
What is -5 + (7 - 5) + 3?
0
What is the value of -11 - (-12 - (-10 - -3))?
-6
Evaluate 2 + -1 + (16 - 8) + -15.
-6
What is the value of 2 + (-49 - -43 - (-1 - -3))?
-6
What is the value of 4 + -2 + (-10 - -3) - -4?
-1
What is (13 - (12 - 0)) + 4?
5
Calculate 1 - (1 - (-2 + 5)).
3
Evaluate 0 - (-5 + 7) - 0.
-2
(-666 - -659) + (0 - (-1 - 0))
-6
What is the value of -2 - ((1 - -3) + -6)?
0
(-1 - 2) + -6 + 8 + 0
-1
Calculate -5 - (9 + -8 - 1).
-5
What is -1 + (11 - 20) + 4?
-6
Calculate (-1 - -1) + (-1 - -3) - -3.
5
Evaluate 3 + -4 + (-4 - -3) - -3.
1
Evaluate 3 - 1 - (48 + -49).
3
-3 + (8 - (-6 - -13))
-2
Evaluate (-3 - (3 -